ate u(i).
2
Let f = 4 + -3. Let k(n) = -2 + 25*n + 0 - 49*n + 25*n. What is k(f)?
-1
Let y(d) = d + 1. Let v be y(1). Suppose 2*f = o - v*o + 14, 5*f - 3*o - 13 = 0. Let w(p) be the second derivative of p**3/6 - 7*p. What is w(f)?
5
Let o(s) be the first derivative of -s**4/4 + 4*s**3/3 + 2*s**2 - 1. What is o(5)?
-5
Let g = -193 + 199. Let f(k) be the third derivative of k**5/60 - 7*k**4/24 + k**3/6 - 2*k**2. Give f(g).
-5
Let x(c) be the second derivative of -c**2 + 4*c + 1/6*c**3 + 0. What is x(4)?
2
Let l = -17 - -25. Let o(t) = t**3 - 9*t**2 + 7*t + 6. Determine o(l).
-2
Let x(g) = 4*g + 1. Suppose 19*h = 16*h - 9. Let b(j) = 2*j + 7. Let s be b(h). Calculate x(s).
5
Suppose 2*z + 12 = -5*r, -2*r = -0*z + 2*z. Let o = -8 - -10. Let d(x) = -1 + 0 + x**3 + o + 2 + 4*x**2. What is d(r)?
3
Suppose l + 9*d + 23 = 4*d, -d - 15 = -5*l. Let q(y) = 5*y**2 - 2*y + 2. Determine q(l).
18
Let y(d) = d**3 - 6*d**2 - d + 6. Suppose -3*n + 10*p = 5*p, -2*n + 4 = -2*p. Suppose -4*r = -n*o + 42, -o = -0*r + 2*r. What is y(o)?
0
Let k(o) = 6*o + 5. Let a(p) = 17*p + 15. Let i(z) = -3*a(z) + 8*k(z). Give i(-4).
7
Let v = 1 - 2. Suppose 0 = -2*a - 5*p - 3 - 2, 0 = 4*a - p - 23. Let x(o) = -a*o + 3*o - o**2 + 0 - 1 + 2*o**3. What is x(v)?
-2
Let w(a) = -6*a + 10. Let x be w(1). Let s(j) = -j**3 + 4*j**2 - j - 1. Calculate s(x).
-5
Let w(x) be the second derivative of -x**5/10 - x**4/12 + x**2/2 - x. What is w(1)?
-2
Let d be (3 - -2)*(-4)/(-10). Suppose 0 = -2*w - 0*w + d. Let g(i) = 6*i - 1. Give g(w).
5
Let b be 2*((-6)/(-4) - -1). Let i(y) = -y**2 - 6*y - b*y + 1 + 6*y. Determine i(-6).
-5
Let h be 20/6 - 1/3. Suppose -h*t + 5 = 4*o, 0 = -4*o + 8*t - 4*t + 12. Let m(x) = o*x - 2 + 3*x**2 + x**3 - 6*x + 0*x. Give m(-4).
-2
Let p(g) = -4*g + 7. Let o(q) = 13*q - 20. Let j(y) = -4*o(y) - 11*p(y). Determine j(2).
-13
Let y(u) = -u**3 + 4*u**2 + 5*u - 3. Let p = 21 - 7. Let b = 6 - p. Let f be 2/b - (-84)/16. Give y(f).
-3
Let y(f) be the second derivative of f**3/6 - 9*f**2/2 + 4*f. What is y(7)?
-2
Let u(y) = -y**3 - y**2 - y - 14. Let w(p) = 0*p - 5 - 1 - 3*p + 2*p. Let o be w(-6). What is u(o)?
-14
Let x(v) = -v - 10 + 13*v - 10*v. Let a be x(7). Let s(n) = n**2 - 2*n - 3. Determine s(a).
5
Let q be 3/6*28/(-2). Let t(j) = -9*j**2 - 7*j - 7. Let i(v) = 4*v**2 + 3*v + 3. Let d(k) = q*i(k) - 3*t(k). Determine d(-2).
-4
Let t(o) = -o**3 + 12*o**2 + 12*o + 12. Let g be t(13). Let v(h) = 12*h**3 - 2*h**2 - h. Calculate v(g).
-13
Let h(x) = x**3 - 4*x**2 - x + 2. Let o(l) = 6*l**2 + 4*l + 2. Let r be o(-1). What is h(r)?
-2
Let v(i) = 10*i**2 - 4*i**3 + 8 - i**3 - 2 - 2*i**3. Let l(y) = 15*y**3 - 21*y**2 + y - 12. Let g(c) = 6*l(c) + 13*v(c). Give g(5).
11
Let m(k) be the second derivative of -1/20*k**5 + 0 - 1/2*k**3 - 1/2*k**2 + 1/2*k**4 + 7*k. What is m(5)?
9
Suppose x + 5 = 6*x. Let h(z) = 10*z**3 + z. Calculate h(x).
11
Suppose 0 = w + 4*f + 10, -f + 2 + 1 = 3*w. Suppose 0 = 2*m - 2*b + 32, -m = 4*b - b + 8. Let k be (-1)/(m/(-8) - w). Let d(s) = -2*s + 5. Calculate d(k).
-3
Let x(p) = -p**2 - 6*p - 3. Suppose -7 = -6*q - 37. Determine x(q).
2
Let a(y) = -2*y**3 + y**2 - 2*y + 1. Suppose -u - 21 = 4*f, -f - 3 = -3*u - 1. Let i = -2 - u. Let x = 2 + i. Calculate a(x).
-2
Let s(j) be the second derivative of -j**3/6 + j**2/2 + j. Let h be s(-1). Let v(w) = -h + w + 0*w + 1. Give v(-3).
-4
Let b(q) be the third derivative of -1/6*q**3 - 1/20*q**5 - 2*q**2 + 0*q + 1/120*q**6 + 0 - 1/6*q**4. Give b(4).
-1
Let n(u) = -u**3 - u. Let i = 2 - -1. Let x(j) = j**2 - 1. Let m(g) = i*x(g) + n(g). Calculate m(3).
-6
Suppose 5*t = -0*t - 10. Let w(x) = x**3 + x**2 - 2. Give w(t).
-6
Let o = -14 - -17. Suppose o*w = 6*w - 4*d + 32, 0 = 5*w + 4*d. Let m(b) = -b**2 - 2*b + 4. Determine m(w).
-4
Let n(s) be the third derivative of s**4/24 - 7*s**3/3 + 9*s**2. Give n(10).
-4
Suppose 2*v + 2 = -10. Let i(l) = 11*l - 5. Let a(n) = -5*n + 2. Let t(x) = 9*a(x) + 4*i(x). Let z be t(v). Let m(u) = -u + 7. Calculate m(z).
3
Let d(j) = -j - 6. Let x(w) = -w - 8. Let p(c) = 4*d(c) - 3*x(c). What is p(-4)?
4
Suppose 0*y - 24 = 4*y. Let i be (-14)/4 + (-3)/y. Let z(f) = f + 4. Determine z(i).
1
Suppose 5*g + 5*j + 18 + 7 = 0, 3*g + 4*j + 13 = 0. Let u(b) = -b - 10. What is u(g)?
-3
Let y(z) = -z**2 + 2*z + 1. Let i(t) = -1 + 8*t - 2*t**2 + 2 - 3*t. Let j(o) = 3*i(o) - 5*y(o). Determine j(4).
2
Suppose -6 = -15*f + 16*f. Let o(p) = p**3 + 7*p**2 + 5*p - 8. What is o(f)?
-2
Let b(g) = 7*g**3 + 2*g**2 - 1. Let q(l) = l + 15. Let y be q(-14). Determine b(y).
8
Let i(c) = 2*c**2 + 24*c + 18. Let f be i(-11). Let q(h) = -5*h**2 + h - 13. Let y(w) = -2*w**2 + w - 6. Let z(g) = -4*q(g) + 9*y(g). Give z(f).
10
Let a(x) = x**3 + 5*x**2 - x - 2. Let m = 6 - 4. Let j = -3 - m. What is a(j)?
3
Let p(z) = -z**2 - 5*z - 6. Suppose -3*j + 9 = -7*j - 5*v, -2*j + 2*v + 18 = 0. Suppose 4*y = j*r - 32, 6*r - 2*r = 3*y + 28. Give p(y).
-2
Let a(t) = t**3 + 3*t**2 - 2*t - 1. Let g be 1/((-2)/((-144)/3)). Let q = g - 36. Let k be 3*q/9 + 1. What is a(k)?
5
Suppose -5 - 3 = -4*y. Suppose -y*o - 8 = 5*q + 7, -4*q - 12 = 5*o. Let r(u) = -u - 3. Give r(o).
-3
Let u(l) be the first derivative of -l**2/2 + l + 1. Let b(j) = -5*j**2 + 16*j**3 - 17*j**3 - 3*j - j + 5. Let m be b(-4). Calculate u(m).
-4
Let r(g) = 23*g**3 + 3*g - 14*g**3 - 10*g**3 + g**2. Give r(3).
-9
Suppose 0 = -b + 3*b. Let r(y) = y - 5. Determine r(b).
-5
Let j(r) be the first derivative of -11*r**3/3 + r**2 - r - 14. Calculate j(1).
-10
Let r(k) = k**3 - 7*k**2 - 9*k + 12. Let y be r(8). Let t(n) = n**3 - 5*n**2 + 4*n - 6. Give t(y).
-6
Let k(a) = 1 + 30*a - 1 - 32*a + 3 + a**2. Calculate k(2).
3
Let r = -3 + 3. Suppose 5*t + g - 6 = 0, 0 = 5*t + 5*g - 2 + 12. Let q(j) = -2 - j**t - 30*j + 30*j. Give q(r).
-2
Let f = -2 - -4. Let u(d) = -2 + 4*d - 3*d**f - 5*d**2 + 4*d**2 + 2*d**2. Determine u(2).
-2
Let y(s) = -s - 8. Let h(g) = g + 11. Let j(r) = 5*h(r) + 7*y(r). Determine j(2).
-5
Let i(k) be the first derivative of 0*k**2 - 1 + 2/3*k**3 - 1/120*k**5 + 0*k + 1/12*k**4. Let r(l) be the third derivative of i(l). Calculate r(4).
-2
Let g(c) be the second derivative of 1/20*c**5 + 1/12*c**4 - 1/2*c**3 + 0 + 6*c - 1/2*c**2. Suppose -v + s + 4 = -s, 2*v = 3*s + 5. What is g(v)?
1
Suppose -32 - 19 = -3*s. Let c(u) = 7*u + 18 + u**3 - s + 5*u**2 - 3*u. What is c(-4)?
1
Let j(s) = -s**2 + 7*s. Let o = 15 - 11. Suppose a = o*m + 2*a + 56, -70 = 5*m + 3*a. Let i be -1 + -3*m/6. What is j(i)?
6
Let a be 6/(-27) - (-114)/27. Let n(k) = -7*k**3 - 7*k + 5. Let v(h) = -8*h**3 - h**2 - 7*h + 5. Let s(q) = 7*n(q) - 6*v(q). Give s(a).
9
Suppose 13 = 4*d - 2*d - 3*f, -5*f = -5*d + 25. Let k(u) = -2*u + 2*u**d + 4*u + 0 + 1 - u**3 + 0*u. What is k(2)?
5
Let h(d) = 5*d + 1 + d**2 - 1 + 1 + 3. Give h(-5).
4
Let a(m) be the second derivative of -m**3/6 + 5*m**2/2 - m. Let d(x) = x**3 - x**2 - 2. Let v be d(-2). Let w be (16/28)/((-2)/v). Give a(w).
1
Let b(h) = 3*h - 3. Let t be (-1)/4*0 - (-6 - -3). Calculate b(t).
6
Suppose 1 = p, -2*k + p - 15 = -0*p. Let d(i) be the second derivative of -i**5/20 - 7*i**4/12 + i**3/6 - 3*i**2 - 12*i. Give d(k).
-13
Let k(u) = -3*u - 12. Let b be k(-5). Let o(y) be the first derivative of y**4/24 + 2*y**3/3 + y**2 + 2. Let h(t) be the second derivative of o(t). Give h(b).
7
Let f(l) = -l**3 + 4*l**2 + 2*l - 6. Let x(g) = g**3 + 6*g**2 - 7*g + 5. Let s be x(-7). Let h be 5*1 - 5/s. Calculate f(h).
2
Let n be (46/(-23))/(2 + (-16)/6). Let l(i) be the first derivative of n - 4*i - i**2 - 1/3*i**3. What is l(-3)?
-7
Let b(k) = k + 6. Let u(l) = -l**3 + 3*l**2 - 4*l + 6. Let f be u(3). Give b(f).
0
Let m(h) = 29*h + 4 - 3 - 35*h + 0 + h**3 - 2*h**2. Determine m(4).
9
Suppose -4*g + 14 = -3*b, 3*g - 9 - 2 = 2*b. Let r be (-6)/(-30) - (-3)/(-15). Suppose r - g = -v. Let k(i) = -3*i + 7. Determine k(v).
-8
Let z be 7/2 - (-4)/(-8). Let w(m) = -z*m - m - m. Give w(2).
-10
Let s(a) = -2*a + 4. Suppose o + 4 = -2*h, 2*o - 14 = 2*h - 4. Give s(h).
10
Let s(a) = 3*a**2 + 4*a - 7. Suppose 2 = 2*v + 6, 0 = 4*f - 3*v + 22. Let p(h) = -10*h**2 - 12*h + 22. Let t(m) = f*s(m) - 2*p(m). What is t(-5)?
0
Let z(v) be the first derivative of v**4/4 + 4*v**3/3 - 7*v**2/2 - 5*v + 7. Calculate z(-5).
5
Let a(q) = -5*q + 4. Let t(c) = 9*c - 8. Let u(n) = 